0*z**2 + 296*z - 1168. Calculate i(4).
176
Let z(f) = 35*f + 539. Give z(-15).
14
Let u(a) = 1329*a + 81066. Determine u(-61).
-3
Let p(o) = 3*o - 54. Determine p(16).
-6
Let k(h) = -202*h**2 - 3638*h - 42. Calculate k(-18).
-6
Let t(q) = 3*q**2 + 33*q - 31. What is t(-11)?
-31
Let n(c) = 5*c**3 - 110*c**2 + 7*c - 119. Calculate n(22).
35
Let p(g) = 61*g + 665. Determine p(-16).
-311
Let d(v) = -2*v**2 - 252*v - 5058. Give d(-25).
-8
Let i(v) = -v**2 + 19*v + 126. What is i(-6)?
-24
Let v(a) = -34*a**3 - 2685*a**2 + 80*a + 61. Calculate v(-79).
-18
Let h(b) = 2*b**2 - 46*b + 494. Give h(13).
234
Let i(h) = -h**3 - 22*h**2 - 199*h - 615. Determine i(-6).
3
Let u(b) = b**2 + 13*b - 1. Give u(-9).
-37
Let b(n) = -54*n - 269. What is b(-5)?
1
Let a(y) = y**2 - 39*y + 48. Give a(38).
10
Let t(f) = 136*f - 4061. Give t(30).
19
Let x(n) = 1758*n - 5259. Calculate x(3).
15
Let c(o) = -71*o**2 - 1418*o + 46. Determine c(-20).
6
Let i(v) = -26*v**2 + 1110*v - 2217. Give i(2).
-101
Let f(h) = 543*h - 8706. Calculate f(16).
-18
Let z(a) = 32*a + 2797. What is z(-89)?
-51
Let h(i) = 597*i - 3221. Calculate h(5).
-236
Let r(i) = i**2 - 30*i - 2583. Determine r(-38).
1
Let q(p) = 3*p**2 - 75*p - 277. Calculate q(28).
-25
Let l(q) = -2*q**2 - 21*q + 15. What is l(-14)?
-83
Let h(s) = 3*s**2 + 43*s - 1301. What is h(-29)?
-25
Let q(g) = -2*g**2 + 14*g - 76. Give q(7).
-76
Let b(h) = -2*h**2 - 49*h - 169. What is b(-9)?
110
Let r(t) = 30*t + 1501. Determine r(-52).
-59
Let k(t) = t**2 - 248*t - 1518. What is k(-6)?
6
Let g(d) = -320*d - 2275. What is g(-7)?
-35
Let g(m) = 151*m + 8471. Determine g(-56).
15
Let d(i) = -i**3 + 23*i**2 + 2*i - 45. Calculate d(23).
1
Let w(v) = -21*v**3 - 7*v**2 + 19*v - 11. Determine w(1).
-20
Let c(h) = -2*h - 88. Determine c(-12).
-64
Let g(m) = 138*m - 1638. Determine g(12).
18
Let a(k) = -k**2 + 98*k - 2304. What is a(39)?
-3
Let s(c) = 80*c + 1307. Calculate s(-16).
27
Let u(c) = 44*c + 764. Give u(-15).
104
Let j(h) = -5*h + 186. Give j(24).
66
Let o(b) = 290*b + 33641. Determine o(-116).
1
Let o(h) = -h**3 - 17*h**2 - 41*h - 1068. Calculate o(-18).
-6
Let g(l) = l**2 - 10*l - 15. Calculate g(11).
-4
Let s(b) = -b**3 + 3*b**2 + 8. Give s(5).
-42
Let f(k) = -k**2 + 56*k - 25. Give f(52).
183
Let w(n) = n**3 + 154*n**2 - 1467*n - 18. Calculate w(-163).
-18
Let n(h) = 2*h**2 + 171*h + 202. Give n(-83).
-213
Let w(c) = c**2 + 46*c - 1012. Calculate w(-62).
-20
Let l(q) = q**3 - 3*q**2 + 13*q - 4. Give l(0).
-4
Let n(b) = -2*b**3 + 65*b**2 - 22*b - 323. Give n(32).
-3
Let g(n) = -n**3 + 28*n**2 + 29*n - 11. Give g(29).
-11
Let u(l) = 4*l**2 - 15*l + 124. Determine u(11).
443
Let l(d) = 4*d**3 - 31*d**2 + 2*d + 1. Calculate l(8).
81
Let s(f) = -43*f - 451. Calculate s(-23).
538
Let w(l) = 4*l**2 - 202*l + 48. Calculate w(50).
-52
Let t(v) = -5*v**3 + 11*v**2 - 40*v + 56. Give t(5).
-494
Let k(g) = -65*g + 169. Calculate k(0).
169
Let f(k) = -45*k - 404. Determine f(-9).
1
Let k(n) = -12*n - 177. Give k(-18).
39
Let f(r) = 47*r**2 + 187*r - 5. Give f(-4).
-1
Let k(q) = 6*q**2 - 146*q + 435. What is k(3)?
51
Let j(r) = -r**2 - 19*r + 909. Calculate j(-41).
7
Let r(n) = n**2 - 153*n - 1291. Give r(-8).
-3
Let s(i) = -113*i + 7111. Calculate s(63).
-8
Let a(n) = n**3 + n**2 + 2*n + 65. Give a(0).
65
Let x(c) = -132*c - 2637. Determine x(-20).
3
Let f(b) = b**3 - 18*b**2 - 445*b - 97. Give f(32).
-1
Let v(d) = -2*d**3 - 300*d**2 + 8753*d - 71. Determine v(25).
4
Let k(n) = -26*n**2 + 23*n - 4. Give k(2).
-62
Let h(m) = 50*m**2 + 138*m - 35. Determine h(-3).
1
Let z(g) = -g**3 - 25*g**2 - 228*g - 12829. Give z(-31).
5
Let d(p) = p**3 + 8*p**2 + 165*p + 1577. Determine d(-9).
11
Let m(y) = y**3 - 43*y + 2. Determine m(-6).
44
Let p(o) = -o**3 - 15*o**2 + 28*o + 141. Give p(-16).
-51
Let s(b) = b**2 - 16*b + 3. Calculate s(-7).
164
Let p(j) = -401*j - 798. Determine p(-2).
4
Let n(x) = -79*x**2 + 220*x + 15. Give n(4).
-369
Let o(q) = -q**3 - 18*q**2 + 19*q - 15. What is o(0)?
-15
Let t(o) = 74*o - 6061. What is t(82)?
7
Let v(i) = 87*i - 394. Determine v(5).
41
Let q(l) = -l**3 + 39*l**2 + 318*l - 7. Calculate q(-7).
21
Let m(g) = -631*g + 2560. Determine m(4).
36
Let h(s) = -59*s + 5782. Calculate h(98).
0
Let b(o) = -7*o - 108. Determine b(-27).
81
Let s(b) = -83*b + 9. What is s(0)?
9
Let r(t) = t**3 + 10*t**2 + 26*t + 101. Give r(-6).
89
Let t(i) = 40*i - 396. Determine t(10).
4
Let n(b) = -b**2 + 1085*b - 7555. What is n(7)?
-9
Let b(g) = -26*g - 20. Determine b(-1).
6
Let s(i) = -i**2 + 33*i - 127. Calculate s(27).
35
Let k(x) = -2*x**2 + 152*x - 703. Give k(5).
7
Let w(d) = 2*d**3 - 2*d - 1. Determine w(2).
11
Let d(x) = -x**3 - 13*x**2 - x - 484. Determine d(-15).
-19
Let t(c) = -4*c**2 + 32*c + 70. Calculate t(-2).
-10
Let o(z) = 165*z + 783. Determine o(-5).
-42
Let d(y) = -y**3 - 14*y**2 - 15*y + 19. Calculate d(-13).
45
Let m(q) = q**3 - 26*q**2 + 104*q + 12. Calculate m(21).
-9
Let w(t) = -t**3 - 45*t**2 - 207*t - 129. Determine w(-40).
151
Let g(p) = -55*p**3 + 27*p**2 - 26*p - 1. Calculate g(1).
-55
Let a(k) = -6*k**2 - 83*k + 4. Give a(-8).
284
Let h(f) = -f**3 + 34*f**2 - 26*f + 884. Calculate h(34).
0
Let k(h) = h**3 + 29*h**2 - 288*h - 47. Determine k(8).
17
Let q(g) = -148*g - 1313. Calculate q(-9).
19
Let c(j) = j**2 + 62*j - 465. Determine c(-69).
18
Let t(f) = f**3 - 56*f**2 - 18. What is t(56)?
-18
Let r(l) = 6770*l - 236953. Give r(35).
-3
Let k(u) = 9*u**2 + 57*u + 94. Calculate k(-8).
214
Let s(o) = 3*o**2 + 12*o + 2. Determine s(-6).
38
Let a(c) = -c**2 - 1118*c - 6671. Give a(-6).
1
Let f(d) = 2*d**2 - 52*d - 4. What is f(26)?
-4
Let p(q) = 740*q**2 - 5924*q + 35. Give p(8).
3
Let w(n) = 4*n**3 - 316*n**2 - 57. What is w(79)?
-57
Let t(k) = k**3 - 10*k**2 - 32*k + 64. What is t(13)?
155
Let i(m) = -3*m**2 + 41*m + 87. Give i(-2).
-7
Let j(f) = f**2 + 45*f - 2336. What is j(31)?
20
Let k(x) = -4*x + 793. Determine k(-23).
885
Let r(g) = 35*g - 434. Calculate r(11).
-49
Let h(v) = -285*v - 2017. Determine h(-7).
-22
Let i(n) = -n**2 - 27*n + 33. Calculate i(-22).
143
Let a(k) = -k**2 + 45*k - 461. Give a(29).
3
Let a(p) = -64*p - 3425. Calculate a(-57).
223
Let r(l) = -62*l - 5682. What is r(-94)?
146
Let i(r) = -3*r**3 - 16*r**2 - 359*r - 1766. Calculate i(-5).
4
Let v(o) = o + 108. Calculate v(26).
134
Let q(b) = 3*b**2 + 154*b + 604. Determine q(-47).
-7
Let q(a) = -22*a - 536. Give q(-24).
-8
Let l(i) = -677*i + 6764. Determine l(10).
-6
Let k(l) = 178*l**3 - 4*l**2 - l + 1. Calculate k(-1).
-180
Let a(c) = c**3 - 2*c**2 - 81*c + 346. Give a(6).
4
Let j(r) = -60*r + 633. Determine j(11).
-27
Let a(f) = f**3 - 10*f**2 - 53*f - 46. Determine a(-3).
-4
Let v(g) = -135*g - 85. Calculate v(-1).
50
Let i(x) = 255*x + 413. Give i(0).
413
Let u(n) = -31*n**2 - n + 6. Determine u(2).
-120
Let w(j) = 15*j + 531. Calculate w(-39).
-54
Let q(l) = -10253*l + 317839. What is q(31)?
-4
Let l(v) = 62*v**2 - 5*v + 3. What is l(-1)?
70
Let p(w) = -w**3 - 9*w**2 - 11*w - 104. Calculate p(-8).
-80
Let k(l) = -16*l + 1333. Give k(76).
117
Let z(h) = -2*h**3 + 21*h**2 - 4*h - 25. Determine z(10).
35
Let i(r) = 506*r + 7567. Calculate i(-15).
-23
Let m(z) = 58*z - 1960. Give m(37).
186
Let z(m) = -m**3 - 46*m**2 + 256*m + 59. Calculate z(-51).
8
Let l(h) = -3*h - 373. Determine l(-40).
-253
Let x(u) = -u**3 + 30*u**2 + 132*u - 2202. Give x(32).
-26
Let h(z) = z**3 - 39*z**2 + 77*z - 104. Give h(37).
7
Let c(n) = -10*n**3 + 161*n**2 - 22*n - 13. Calculate c(16).
-109
Let p(u) = -4*u**2 + 141*u + 707. Determine p(40).
-53
Let c(g) = 11*g**2 - 295*g + 300. Give c(25).
-200
Let a(f) = -160*f + 140. What is a(0)?
140
Let c(q) = q**3 - 56*q**2 + 154*q + 246. Determine c(53).
-19
Let n(r) = -r**2 - 19*r + 132. Calculate n(-25).
-18
Let p(u) = -3*u**2 + 769*u - 5228. Give p(7).
8
Let z(o) = o**2 - 38*o - 486. Give z(49).
53
Let w(a) = a**2 - 71*a + 1248. Calculate w(36).
-12
Let b(r) = -69*r + 12. Determine b(-3).
219
Let l(p) = -2925*p + 84830. Give l(29).
5
Let i(g) = -46*g + 3638. Calculate i(80).
-42
Let z(x) = 338*x - 3990. Determine z(12).
66
Let i(r) = 34*r**2 + 37*r + 25. Give i(-2).
87
Let x(d) = 1790*d - 1797. Give x(1).
-7
Let x(t) = -2*t**3 - t**2 - 2357*t - 4712. Give x(-2).
14
Let q(t) = -2*t**3 + 30*t**2 + 19*t - 288.